ose 4 = 4*x - 3*x. Suppose -7*j + 12 = -x*j. Suppose 0 = j*d - 3*h - 4, 4*d - h + 0 = 12. Let f(t) = -t**2 + 4*t. What is f(d)?
0
Let b(f) = -4*f**2 + 2*f + 1. Let y(x) be the third derivative of 0 - 2*x**2 - 1/60*x**5 - 1/2*x**3 + 1/8*x**4 + 0*x. Let n be y(2). Give b(n).
-5
Let l be (-1)/(1*(-2)/14). Suppose 0 = u - 2 - l. Suppose s + 25 = -5*g, -2*s - 6 = 3*g + u. Let n(b) = -b**3 - 4*b**2 + 7*b + 5. Calculate n(g).
-5
Let v = 3 + -1. Let g(f) be the second derivative of f**4/12 - f**3/3 - 7*f. What is g(v)?
0
Let h(m) = -m**3 + 4*m**2 + 11*m + 2. Let r be h(6). Let n(x) = x**2 + 6*x + 1. Give n(r).
-7
Let b(o) = -2*o + 3. Let q = -7 - -7. Let h = q - -3. Give b(h).
-3
Let k(r) = r**3 + 5*r**2 + 2*r + 6. Suppose 4*q - 25 = 9*q. Calculate k(q).
-4
Let b(g) = g**2 + 11*g + 4. Let m(c) = -c**2 - 12*c - 5. Let h(q) = 5*b(q) + 4*m(q). Give h(-6).
-6
Let p be 3/(-15) + 16/5. Suppose -p*o = -o. Suppose -2*u + x + 5 = o, 3*u - 6*x + 2*x = -5. Let w(c) = -c + 5. What is w(u)?
0
Let v(k) = 11*k - 2. Let l(t) = 4*t - 1. Let w(o) = -8*l(o) + 3*v(o). What is w(-3)?
-1
Let y(h) be the first derivative of -h**4/4 - h**3/3 - h**2/2 + 8*h + 4. Give y(0).
8
Let z be (-9)/(-6)*88/6. Let h be 4/z + 72/(-33). Let o(a) = a + 1. Let q(s) = -2*s + 1. Let k(c) = -3*o(c) + q(c). What is k(h)?
8
Let s(x) be the second derivative of -1/6*x**3 - 1/2*x**2 + 0 - 2*x. Let o(h) = 4*h + 4. Let v(w) = -2*o(w) - 6*s(w). Give v(3).
-8
Let h(k) = 21*k - 9. Suppose 5*l = 1 - 16. Let n(y) be the third derivative of 5*y**4/12 - 2*y**3/3 - y**2. Let d(s) = l*h(s) + 7*n(s). Calculate d(1).
6
Let m(f) = -2*f**2 - 2*f - 2. Suppose -2*c = 3*c + 10. Calculate m(c).
-6
Let q(y) = -2*y - 34. Let c be q(-18). Let z(s) = s**3 - s**2 - s - 2. Give z(c).
0
Let u(k) = -k**2 - 1. Let d(q) = q**3 + 9*q**2 + 2. Let o be d(-9). Let v be u(o). Let c(l) = l**2 + 6*l + 2. What is c(v)?
-3
Let v(x) = -3*x - 5. Let r = -39 - -34. What is v(r)?
10
Let m(n) = n**3 - n. Let l(j) = -2*j**3 + 6*j**2 + j - 6. Let q(h) = -l(h) - m(h). What is q(6)?
6
Let d be 74/14 + (-2)/7. Suppose -6*p - 2 = -d*p. Let f(i) = -2*i**3 + 0 + i - i - 2*i**2 - i - 1. What is f(p)?
9
Let s be 4/(-32) + (-4)/(-32). Let a(o) = -o**2 - o - 2. Calculate a(s).
-2
Let s(p) be the third derivative of p**4/8 + 7*p**3/6 + 8*p**2 - 2*p. Give s(-3).
-2
Let k(s) = 11*s**3 - 8*s**2 - 11*s + 11. Let f(m) = 3*m - 2 - 7*m + 4*m**3 + 7 - 3*m**2 - 1. Let t(l) = -8*f(l) + 3*k(l). What is t(0)?
1
Let o(j) = -j + 3. Let z(m) = m**2 + 3*m + 2. Let w be z(-2). What is o(w)?
3
Let d(a) = a**3 + 7*a**2 - 7*a + 8. Let z be d(-8). Let x(v) be the third derivative of 1/20*v**5 + 1/120*v**6 + z*v**4 + 0*v - 1/6*v**3 + 0 - v**2. Give x(-2).
3
Let f(u) = -u**2 + 5*u + 2. Suppose 3*d - 4 + 0 = 5*z, 5*d + 4*z = 19. Let o(n) = -n**2 + 6*n - 3. Let y be o(d). Give f(y).
-4
Let b(j) = 3*j**3 - 2*j**2 - j. Let l(d) = -5*d + 32. Let y be l(6). Determine b(y).
14
Let l(y) = -2*y + y - 6*y + 6. Let s(f) = -2*f - 2*f - 3 + 7*f. Let u(m) = -2*l(m) - 5*s(m). Give u(-4).
7
Let d(r) = -r**3 - r**2. Let h(n) = 5*n**3 + 5*n**2 - n - 10. Let y(l) = 4*d(l) + h(l). What is y(0)?
-10
Let b be 6/(-4) - 1/2. Let n(a) = a**3 + a**2 - 2. Determine n(b).
-6
Let q(o) = -o**2 - 23*o - 47. Let p be q(-21). Let d(b) = b**3 + 5*b**2 - b - 7. Give d(p).
-2
Suppose -8*f = -4*f. Suppose f = -5*b + 13 - 3. Let i(m) = -1 + 0*m - m**b - 3 - 4*m. What is i(-3)?
-1
Suppose 0 = 3*l + 80 + 10. Let q(f) = f**3 + 8*f**2 + 13*f. Let z be q(-6). Let i be -5*z*4/l. Let g(v) = v**3 + 5*v**2 + 6*v + 2. Calculate g(i).
-6
Let z(w) be the third derivative of w**4/6 + 2*w**3/3 - 3*w**2. Let d = 1 + 2. Suppose c = d*c + 6. Give z(c).
-8
Let m(i) = 1 + 12*i**3 + 3*i + 2*i**2 - 2*i - 13*i**3. Determine m(3).
-5
Let x(p) = 2*p + 39. Let w(m) = -m - 20. Let q(t) = 11*w(t) + 6*x(t). What is q(-6)?
8
Suppose 0 = -9*v - 2*v - 11. Let x(m) = 12*m - 1. Determine x(v).
-13
Let g = -7 + 10. Let q(f) = 0 + 1 - 2*f**g - 2 + f**3 - f**2. Suppose 2*i = -3*i. What is q(i)?
-1
Let o(q) = q**2 + 5*q + 3. Let s be o(-4). Let c(a) be the second derivative of -a**5/20 + a**3/6 - 3*a. What is c(s)?
0
Let i(q) = 3*q + 3. Let d = -19 - -29. Let s = 6 - d. Determine i(s).
-9
Let w(u) = u**3 + 5*u**2 - 7*u - 3. Let g = -8 - -2. Determine w(g).
3
Let z = 4 - 1. Let y(w) = -w - 4*w**2 - 2*w + 0*w - 1. Let n(f) = f**2 - 1. Let u(g) = z*n(g) + y(g). Give u(-4).
-8
Let f(b) be the second derivative of -b**4/6 + b**3/6 + 5*b. Give f(3).
-15
Suppose -2*w = -3*c - 2, 2*w = 4*c - 2*w + 4. Suppose c = -0*f - f - 1. Let t(h) = -2*h**3 - 1. Calculate t(f).
1
Let k(a) = -a + 3 - 2 + 10 - 4. Calculate k(0).
7
Let u(x) = x**2 + 5*x - 7. Let j be u(-6). Let p(d) = -3*d**2 + 0 + 0 - 1. What is p(j)?
-4
Let f(t) = t**2. Suppose 4*q - 2 = -2*m + 4, 0 = -3*m + 9. Suppose -5*x - 4*y - y + 150 = q, -5*x + 2*y = -185. Let d be 5/(-7) + (-10)/x. What is f(d)?
1
Let d(r) = 1. Let m(v) = 5*v + 15. Let i(l) = -15*d(l) + m(l). Let j = -4 - -6. Let f be (1 - 1)/j + 1. What is i(f)?
5
Suppose 0 = -2*y - 16 + 4. Let d(x) = x**2 + 6*x + 3. Calculate d(y).
3
Let l(r) = -4*r + 3. Let k(v) = -v**3 - 12*v**2 - 10*v + 13. Let s be k(-11). What is l(s)?
-5
Let y(q) = -2*q - 4. Suppose 9 = -m + 4. Determine y(m).
6
Let i(p) = -2*p. Let c(a) = 2*a + 59. Let h be c(-28). Calculate i(h).
-6
Let c = -11 - -14. Let d = -2 - -2. Let u(q) = 0 + q**3 - 4*q + d - 2*q**2. Determine u(c).
-3
Suppose 2*f - 5*d + d + 8 = 0, -3*f = -3*d + 24. Let l = f - -11. Let i(n) = -4*n**2 - n. Determine i(l).
-3
Let t be -3*(1 - (-20)/(-15)). Let h(y) = -19*y**2 + y - 1. Determine h(t).
-19
Let j(c) = -10 + 0*c - 1 - 2 + c. Let u be j(11). Let o(r) = r**3 - r**2 - 2*r**2 - 2*r**3. Calculate o(u).
-4
Let p(z) be the second derivative of -z**5/20 + 5*z**4/6 + 11*z**3/6 + 3*z**2 + 3*z. Determine p(11).
6
Suppose 4*k = -22 - 10. Let g be k/12*(-9)/(-2). Let z(l) = l**3 + 4*l**2 + 4*l + 2. What is z(g)?
-1
Let o = 25 - 10. Let s = 9 - o. Let n(a) = -a**3 - 7*a**2 - 7*a - 3. Give n(s).
3
Let k(z) = -9*z - 5*z**2 - 7*z + 1 + 14*z. What is k(-2)?
-15
Suppose 0*g + 4 = -g. Let f(k) = 11*k**2 + 8*k + 7. Let r(i) = 5*i**2 + 4*i + 3. Let a = -2 - -6. Let d(u) = a*f(u) - 9*r(u). Determine d(g).
1
Let l be ((-24)/(-1))/(3 - 2). Suppose 4*s + l = 5*a, -2*s - a - 3 = 9. Let y(t) = 5*t + 26. Let b(o) = -o - 5. Let u(j) = -11*b(j) - 2*y(j). Determine u(s).
-3
Let n = 2 - -3. Suppose -n*f - a + 13 = -0*a, 0 = -3*f - 5*a - 1. Let b(m) = 1 + 5*m - 2*m**2 + 2 + 7*m**2 + m**f. Give b(-4).
-1
Let x(c) = -c**2 - c + 13. Let k = -94 + 94. Calculate x(k).
13
Suppose -3*x + 18 + 5 = 2*a, -4*a + 2*x = -6. Let w(b) = b**3 - 4*b**2 - 3*b. Determine w(a).
-12
Suppose 2*i - 16 = -0*i. Suppose 0 = r - i + 2. Let g(z) = -z**2 + 9*z - 7. Determine g(r).
11
Let z(x) = 11*x + 14. Let c(s) = -5*s - 7. Let d(v) = 5*c(v) + 2*z(v). Let a be 4/(((-6)/(-4))/3). Let f = -13 + a. What is d(f)?
8
Let z(k) = 4*k**3 - 2*k + 9. Let g(q) = 3*q**3 - q**2 - 2*q + 8. Let f(j) = 5*g(j) - 4*z(j). Let i be (-3)/((-2)/((-8)/(-6))). Let y = -6 + i. What is f(y)?
-4
Let a(s) = -10 + 0*s**3 + 1 - 7*s**2 + s**3 + 0*s**3 + 9*s. Give a(6).
9
Suppose -2*m + 1 + 2 = -5*w, -2 = 2*w. Let s(n) = 14*n**3 + n**2 + n + 1. Calculate s(m).
-13
Let o(f) be the first derivative of -3/2*f**2 + 0*f + 1/24*f**4 - 3 - 1/3*f**3. Let g(w) be the second derivative of o(w). What is g(-4)?
-6
Let a(i) = i**3 - i**2 - 4*i. Let s be a(3). Let k = s - 9. Let c(x) = -x**2 - 2*x - 1. Determine c(k).
-4
Let f(l) = -l + 23. Let t be f(16). Let r(w) = t - 4*w + 0*w + 5*w. What is r(-4)?
3
Let z(n) = -4*n - 2 + 0 + 2*n**3 + 4 + 3*n**2 - 3*n**3. Suppose -3 = -w - 1. What is z(w)?
-2
Let u(c) = 2*c**2 + 1 - c**2 - 3*c + c. Suppose -z + i = 4*z - 6, 5*z - 4 = -i. What is u(z)?
0
Let v(w) = -w - 2. Let a(j) = j + 2. Let y(s) = 4*a(s) + 3*v(s). Calculate y(-2).
0
Let u(v) = 7*v**2 + v + 1. Let x be (-4)/2*(-3)/(-6). Calculate u(x).
7
Suppose -3*f + 7*f + 20 = 0. Let b be (0 - -1)*(0 - -2). Let z(o) = 6*o + 0*o**b + o**2 + 0*o**2 + 6. Calculate z(f).
1
Let o(m) be the third derivative of m**6/120 + m**5/20 - m**3/3 - 5*m**2. Let n be (-2 + 3)*1*-2. What is o(n)?
2
Let r(s) = -s**2 + 6*s - 4. Suppose 2*b - k + 9 = 0, -5*k = 2*b + 2 + 1. Let v = b + 4. Suppose 9 - 2 = x + 3*t, v = 4*x + 3*t - 